and s.
5
Suppose 3*b - 2144 = -5*b. Suppose -5*m = 18 - b. What is the greatest common factor of m and 10?
10
Suppose 3*i - 94 = -31. Let h be 10 - ((-13)/(-39))/(1/9). Calculate the greatest common factor of i and h.
7
Let d be 4/6 - (-80)/24. Suppose 2 = d*w - 6. Let s be (1 - (-669)/6)*w. What is the greatest common divisor of s and 25?
25
Suppose -247 - 195 = -3*t + 5*x, -4*x + 568 = 4*t. Calculate the highest common factor of 18 and t.
18
Let q be 0 + 0 - (-4 + 3895/(-5)). Calculate the greatest common divisor of 29 and q.
29
Let a(x) = -x**3 + 10*x**2 + 15*x - 44. Let n be a(10). What is the greatest common factor of 848 and n?
106
Let w(y) = -y**3 - 3*y**2 + 5*y + 2. Let l be w(-4). Let r = 101 + -92. Let o be l/r - (-552)/54. Calculate the greatest common factor of 4 and o.
2
Let w be (-12)/(-16) - (-4)/16. Let x be (6/8 + w)/((-7)/(-28)). What is the highest common divisor of x and 35?
7
Let x(w) = w + 1. Let r be x(4). Suppose 0 = -r*l + 6*l - 180. Suppose -o = -4*o + l. Calculate the highest common factor of 15 and o.
15
Let b = 96 - 40. Let m be -6 + 1921/323 - (-28731)/57. What is the highest common factor of b and m?
56
Let t(a) = 11*a + 4. Let u be t(-7). Let s = u - -33. Let l be 4/10 - 104/s. Calculate the greatest common divisor of 15 and l.
3
Let f = -167 + 204. Calculate the highest common factor of 296 and f.
37
Suppose -5*c = 3*t - 225, t + 25*c - 26*c = 67. Let n be 2/1 - 4*-2. What is the greatest common factor of n and t?
10
Suppose 0*s - s + 5 = 0, -v + 31 = 3*s. Let c be (15/10)/(6/v). Suppose z + 0*z + 62 = 2*m, 4*m - 132 = -2*z. Calculate the greatest common factor of c and m.
4
Let a be (-3)/(-1) - (14 + -12 - 188). What is the greatest common divisor of 135 and a?
27
Suppose -5*c - 5 = 20, 18 = 4*r - 2*c. Suppose r*x + 53 = x. Let z = 104 + x. Calculate the highest common factor of z and 17.
17
Let l be (527/51 + -11)/((-1)/39). What is the highest common factor of 637 and l?
13
Let y(k) = -9*k + 123. Let b be y(11). Calculate the highest common factor of 60 and b.
12
Let y be ((-1)/(-1) + 186)/(-1). Let t = 271 + y. Calculate the highest common factor of t and 21.
21
Suppose -71 = -90*x + 89*x + h, 3*x + 2*h - 228 = 0. Calculate the greatest common factor of 333 and x.
37
Let f(v) = -5*v**2 - 3*v + 1. Let u be f(2). Let n = u + 17. Let w be (-358)/n + 2/8. Calculate the highest common divisor of 30 and w.
15
Let l = 1625 - 1409. What is the greatest common divisor of l and 378?
54
Suppose -5*n + 12 = 67. Let m = -11 + -2. Let t = n - m. What is the highest common factor of 1 and t?
1
Suppose 280 = 12*k - 188. Calculate the greatest common factor of k and 3081.
39
Let w(l) = -47*l + 5. Let v be w(-1). Calculate the highest common factor of 20 and v.
4
Let h be (-14878)/(-10) - (-21)/105. Calculate the greatest common divisor of h and 93.
93
Let l = -607 - -1042. Let m be l/9 - (-1)/(-3). Suppose -19*a + 15*a = -m. Calculate the greatest common factor of a and 24.
12
Suppose -5*z = -1281 + 401. Let g(r) = r + 9. Let q be g(-4). Let j(a) = a**2 - 3. Let f be j(q). Calculate the highest common divisor of f and z.
22
Let w(o) = 6*o**2 - 26*o + 161. Let j be w(7). Calculate the highest common factor of 252 and j.
21
Let c = -17 - -39. Suppose -r = 0, -4*y + 4*r - 22 + 374 = 0. What is the highest common factor of c and y?
22
Suppose -1 = -p + 2*b, 2*p + 2*p - b = 25. Let c be (-422)/(-12) - p/42. What is the greatest common factor of c and 105?
35
Let f be (-5)/(-5) + (18 - 0). Calculate the greatest common factor of f and 114.
19
Let b be ((-32)/44)/((-2)/11). What is the greatest common factor of b and 164?
4
Let q be 6*-70*(-8)/32. Calculate the greatest common divisor of 30 and q.
15
Suppose 4*s + 0*l = -5*l, 0 = -2*s + 3*l + 22. Suppose s*w = 158 + 842. What is the greatest common factor of w and 80?
40
Let o(m) = -m**2 - 20*m + 29. Let t be o(-21). What is the highest common factor of t and 2?
2
Let i be (-6 + 10 + -6)/((-1)/10). Calculate the greatest common factor of 620 and i.
20
Let z be 0*2/4*(-21)/(-42). Suppose -r = z, d - 4*r - 16 = 4. What is the highest common factor of d and 20?
20
Let z be (-190)/(-7) + (-3)/21. Suppose z = 5*m - 2*m. Suppose 3*n - 3*x = -m, 4*n = 7*x - 2*x - 17. What is the highest common factor of n and 3?
1
Let u = 121 + -6. Let l(i) = i**2 - 3*i - 34. Let y be l(8). Let o(w) = w**3 - 5*w**2 + w + 4. Let j be o(y). What is the greatest common divisor of j and u?
23
Let m(v) = -v**2 + 10*v. Let s be m(12). Let u = s + 32. What is the highest common factor of u and 40?
8
Let g(z) = -22*z - 339. Let f be g(-17). Let a be ((-3)/2)/(6/(-560)). What is the highest common factor of f and a?
35
Let v(i) = 12*i**2 - 36*i - 3. Let m be v(4). Calculate the highest common divisor of m and 189.
9
Let c = 97 + -92. Suppose c*p = -5*u + 25 + 155, -p - 3 = 0. What is the highest common divisor of 26 and u?
13
Let p = 271 - 33. Calculate the greatest common divisor of p and 14.
14
Let f be (-4 + 5)/((-1)/(-4)). Suppose 3*h - 159 = -3*o, -2*h = -3*o - 96 - 5. What is the greatest common factor of h and f?
4
Suppose 3*c - 13 = 47. Let d(k) = k + 23. Let z be d(7). What is the greatest common divisor of c and z?
10
Suppose 5*y - 2*y - 2 = 2*m, 4*y - 26 = -2*m. Suppose -10*z + m*z = -10. What is the greatest common factor of 3 and z?
1
Let l be ((-6)/12)/((-1)/8). Let n(x) = 66*x + 472. Let m be n(-7). What is the highest common divisor of l and m?
2
Suppose -3*s - 1 - 71 = -4*m, -2*m + 50 = -5*s. Let d be (25*(-27)/(-450))/((-477)/480 - -1). Calculate the highest common factor of m and d.
15
Suppose 3*p = 2*i + 22, 0*i = -5*p + 3*i + 35. Suppose p*l - 95 = -l. Let h be 2*(-3 - 2 - -62). Calculate the greatest common factor of l and h.
19
Suppose -5*o - 7*x + 125 = -2*x, o - 2*x - 10 = 0. Calculate the greatest common divisor of 15 and o.
5
Suppose -58 = v + 5*g, 0*v + 2*v - 3*g = -90. Let k be (4/(-32) + (-22)/v)*54. What is the highest common factor of k and 126?
18
Let d(k) = k + 246. Let q be d(-22). Calculate the highest common factor of q and 64.
32
Let b = 6 + -2. Suppose 2*n - 3*j - 12 = 11, -2*n - 2*j - 2 = 0. Let i = n + b. Calculate the highest common factor of i and 64.
8
Let d(u) = u**3 + u**2 + u + 2. Let q be d(0). Let w(y) = y**3 + 2*y**2 - 2*y. Let o be w(q). Calculate the greatest common divisor of o and 132.
12
Let a be (-762)/(-12) - ((-21)/6 + 2). Suppose -q = -p - 2*p + 35, -5*p - 5*q = -a. What is the greatest common divisor of p and 84?
12
Let i = -259 - -317. Calculate the highest common factor of 1450 and i.
58
Suppose -3*b + 3*n + 9 = 0, 0*b + 4*b = 3*n + 11. Let h be 1/(b/(-84))*-6. What is the highest common divisor of h and 28?
28
Let f(b) = -b**2 + 31*b + 54. Let a be f(32). What is the highest common factor of a and 352?
22
Suppose -q - 2*w + 717 = 0, -3*q = 4*w + 1024 - 3169. What is the greatest common divisor of q and 9?
9
Let m(l) = -l - 2. Suppose 3*g + 17 = 2*a - a, -2*g + 3*a = 16. Let v be m(g). What is the greatest common divisor of 3 and v?
3
Let v(d) = d**3 + 10*d**2 - 12*d - 7. Suppose -8*y + 7*y - 11 = 0. Let o be v(y). What is the highest common divisor of 44 and o?
4
Let d be ((1 - -1) + 2)*4. Let a be (3 + -4 - 3)*-10. Suppose 0 = b - 6*b + a. What is the greatest common factor of d and b?
8
Let k be (-333)/(-148) + (-1)/4. Calculate the greatest common divisor of k and 34.
2
Suppose 0 = 5*r + 25, 2*r = -b - 2*b + 32. Let w be 24 + -4 + 18/(-3). Calculate the greatest common divisor of w and b.
14
Suppose 3*f - 2*f + 4*h = -9, 3*f + 36 = -3*h. Let r = 9 + f. Let x = 12 - r. What is the greatest common divisor of 128 and x?
16
Let y = 4 + -2. Let c be (3/(-6))/(-4 - 715/(-180)). Calculate the greatest common divisor of y and c.
2
Suppose 10*l - 16*l = -5760. Suppose -3*w = 13*w - l. What is the highest common factor of w and 15?
15
Suppose -37 + 53 = 2*j. Let g(c) = -c**3 + 6*c**2 + 2*c + 5. Let u be g(5). What is the highest common divisor of j and u?
8
Let l be ((-56)/(-3))/((-2)/(-6)). Let v be l + -1*(1 + -2). Suppose q - 3 = v. What is the greatest common divisor of 15 and q?
15
Let t(z) = -164*z + 13 + 337*z - 171*z. Let m be t(5). Calculate the greatest common factor of m and 69.
23
Suppose 4*r = -5*y + y + 64, 4*r + y = 64. Let j(c) = 2*c + 4